
6
Let i = -12 - -36. Let u = -2 - -4. What is the units digit of (-3)/(u/(i/(-9)))?
4
Let t(z) = -z - 3. Let u be t(-6). Let k(b) = b**3 + 3 - 5*b - 2*b**u - 4 - 3*b**2 - 3. What is the units digit of k(-3)?
1
Let v(k) = k**3 + 11*k**2 + 11*k - 10. What is the tens digit of v(-9)?
5
Suppose -4*p + 4*w = -8, -4*w - 1 = 3*p + 7. Let c = 1 - p. What is the units digit of c?
1
Let a(v) be the first derivative of 5/2*v**2 - v + 1. What is the units digit of a(2)?
9
Let p(b) = 17*b. Let r(o) = -154*o. Let y(d) = -28*p(d) - 3*r(d). Suppose -7*q - 1 = 6. What is the units digit of y(q)?
4
Suppose -3*q + 26 = q + 2*x, x - 1 = q. Suppose 2*t - 2 = 2. Suppose -4*z + 0*g = -g - 28, -3*z + t = q*g. What is the units digit of z?
6
Suppose 0 = 5*f - f - 12, 4*g + 2*f = 270. What is the units digit of g?
6
Suppose -15 + 35 = 5*m. Let o(r) = r**3 + m*r**2 - r - 2*r**2 + 2*r**2. What is the units digit of o(-3)?
2
Suppose 2*g - 4 = g. Let s be 5/25 + 2/(-10). Suppose s*n - 4*n = -g. What is the units digit of n?
1
Let s be (-2 - 3) + 4 + 0. What is the units digit of 2 - 0/(s + -3)?
2
Suppose -3*i - 20 = -4*i. Suppose 0 = -4*c + 3*u - u + 16, 0 = -4*c + u + i. What is the units digit of c?
6
Let c(s) = -s**3 + 6*s**2 - 3*s - 6. Let d = 13 + -8. Let a be c(d). Suppose -a*m = -5*m + 2. What is the units digit of m?
2
Suppose -4*r = 4*c - 220, -c - 5*r = -2*c + 43. Let g = -18 + c. What is the tens digit of g?
3
Let h = 12 - 9. What is the units digit of h?
3
Suppose 3*j - 18 = 9. What is the units digit of j?
9
Let r be ((-2)/(-1))/(5/10). Suppose r*u - 29 = -5*s + 6, 0 = -u - 3*s + 7. What is the units digit of u?
0
Let f be (-637)/28 - 3/(-4). Let v = 57 + f. What is the tens digit of v?
3
Suppose 0*h + 111 = -3*h. Let f = -16 - h. What is the tens digit of f?
2
Let k be 1*-2 + (-6 - -1). Let i(n) = -n**2 - 9*n - 8. What is the units digit of i(k)?
6
Suppose 5*h + 363 = -3*r, -h - 4*r - 20 = 56. Let l = h - -112. What is the units digit of l?
0
Let b(d) = 3*d**2 + 4*d + 4. Let f(h) = 7*h**2 + 8*h + 9. Let s(y) = 9*b(y) - 4*f(y). Let p be s(3). What is the tens digit of 0 - 6/p - -12?
1
Let t(z) = -z**2 - 5*z - 2. Let k be t(-4). Suppose -k = -r - 0. What is the tens digit of 15 + ((-6)/(-3) - r)?
1
Suppose 10 = -6*a + a + 5*u, u - 14 = -3*a. Suppose -a*r + 2*r = -7. What is the units digit of (-6)/r*1*-14?
2
Let p(z) = -z**2 + 5*z - 4. Let k be p(3). Let o(m) = 2*m + 1. Let g be o(1). What is the units digit of 30/g + -1*k?
8
Suppose 0 = -0*a - 3*a - 2*d - 2, -d = 4*a + 11. Let r(g) = -g**3 - 4*g**2 - 4*g - 2. What is the units digit of r(a)?
4
Suppose 0 = -4*k + 5*k - 12. Suppose -43 = -5*d + k. What is the units digit of (-4)/(-22) + 20/d?
2
Let v = -14 + 44. Let c = v + -13. What is the tens digit of c?
1
Let t = -5 + 9. Suppose b - t = -2*c + 12, 0 = -2*c + 2*b + 10. Suppose 2 = -5*w + c. What is the units digit of w?
1
Let j(x) = -x**3 + 9*x**2 - x + 9. Let g be j(9). Suppose g = -5*f + 4*y + 116, 2*y + y = -2*f + 51. What is the tens digit of f?
2
What is the units digit of 18/(-27)*(-231)/2?
7
Suppose -t = -4*b - 0*t + 108, -48 = -b - 5*t. Let w(o) = 3*o + 4. Let y be w(-5). Let g = y + b. What is the tens digit of g?
1
Let c be (-2)/(-2)*(-13 + -5). Let r = c - -25. Let d = 13 - r. What is the units digit of d?
6
Let v(o) = -o**3 + 19*o**2 - 10*o + 28. What is the units digit of v(18)?
2
Let r(z) = 10*z - 7. What is the tens digit of r(5)?
4
Suppose -4*h = -0*h - 4*b - 148, 2*h + 4*b - 62 = 0. Let j = h - -11. Let l = j - 27. What is the units digit of l?
9
Let o(i) = 25*i + 21. What is the hundreds digit of o(5)?
1
Suppose -5*w - 3 = 22. Let t = w + 8. Suppose -t*y + 36 = y. What is the units digit of y?
9
Let a(k) = k**3 - k**2 + 4*k - 4. Let q be a(3). Suppose 3*z = -7 - q. Let v = 18 + z. What is the units digit of v?
7
Suppose 5*q + 3*g - g - 18 = 0, 0 = q + 4*g - 18. Suppose -14 = q*s - 4*v, -9 = -5*v + 16. Suppose 5*r = 2*h - 25, 1 + 8 = -s*r. What is the units digit of h?
5
Let f(m) = 5*m**3 + 4*m**2 - 2*m - 1. What is the tens digit of f(2)?
5
Let p be (-2 - 24)*2/(-4). Let b(v) = v**3 + v**2 + v. Let u be b(-1). What is the units digit of p + (-3 + 5)*u?
1
Let i = 282 + -133. What is the tens digit of i?
4
Let k = -13 + 60. What is the tens digit of k?
4
Suppose -3*r + 2*r = 4*d + 18, -2*r + 4*d = -24. Suppose 11 = r*v - 17. What is the tens digit of v?
1
Suppose 4*b - 2*b = 0. Let v = 6 - b. What is the units digit of v?
6
Let j(r) = r**3 - 7*r**2 + r - 4. Let h be j(7). Let q be (-51)/(-15) + 2/(-5). Suppose q*l - h - 18 = 0. What is the units digit of l?
7
Let g be 1 - (-10 - (2 - 1)). Let y = -1 + g. Let u = y + -8. What is the units digit of u?
3
Suppose 4*z - 1 = -4*n + 11, -2*n = -4*z - 12. Let d be z*-15*(-2 - -1). What is the units digit of (-87)/d - 3/(-15)?
6
Let r(h) be the first derivative of 10*h**3/3 - h**2 + h + 3. What is the units digit of r(1)?
9
Let r(i) = i**3 - 2*i**2 + 3*i. Let z = 11 + -9. Suppose z*v - 3 = 1. What is the units digit of r(v)?
6
Let l = -16 + 33. Let u = -3 + l. What is the units digit of u?
4
Let a(o) = 0*o + 10 + 4 - o. Let z be a(0). Let q = z + -8. What is the units digit of q?
6
Let l(i) = i - 2. What is the units digit of l(14)?
2
What is the tens digit of -208*(-1 - -3)*1/(-2)?
0
Let d(x) = 5*x**2 + 3*x + x**3 - 7 + x**2 + 0*x. What is the units digit of d(-5)?
3
Let i = 38 - 22. Let y be (-2 - 6/(-2)) + 8. Let h = i - y. What is the units digit of h?
7
Let b be (4 - 6) + 1 - -4. What is the units digit of (-5 + b)/(6/(-81))?
7
Let g = -66 - -153. What is the tens digit of g?
8
Let f(z) = -2*z. Let c be f(1). What is the units digit of ((-6)/(-9))/(c/(-24))?
8
Let v = -101 - -174. What is the tens digit of v?
7
Suppose 3*s - 43 = 59. What is the units digit of s?
4
Let g = -3 - -2. Let z = g - -3. What is the units digit of z?
2
Let x be ((-6)/(-24))/((-2)/(-24)). Suppose -96 + 36 = -x*d. What is the units digit of d?
0
Let u = 7 + -5. Let q = u - -2. Suppose 0*k - q*f + 1 = 3*k, 2*k + f = 9. What is the units digit of k?
7
Suppose r - 214 = 2*a, -3*r = r - 3*a - 861. What is the units digit of r?
6
Suppose -594 = 8*t - 19*t. What is the units digit of t?
4
Let f = -17 + 2. What is the units digit of (-9)/15 + (-84)/f?
5
Suppose 0 = -2*w + q + 13, -q + 29 = 3*w - 3. What is the units digit of w?
9
Let p(o) = -o + 17. Suppose 0 = b - 4 - 3. What is the tens digit of p(b)?
1
Let d = 3 + 2. Let g(t) = -t**3 + 6*t**2 - 2*t + 6. What is the tens digit of g(d)?
2
Let c be (5 + -1)/((-1)/(-1)). Suppose -2*a - a - c*h = -189, 0 = -5*a + 2*h + 289. What is the units digit of a?
9
Suppose -n - 30 = 2*n. Let u = n + 19. What is the units digit of u?
9
What is the hundreds digit of (-3652)/(-16) + -3 - (-9)/12?
2
What is the units digit of (-4 + 6)*(-81)/(-6)?
7
Let r = -7 + 37. Let z = -18 + r. Suppose -1 = d - z. What is the units digit of d?
1
Let g(y) = -120*y**3 - 2*y**2 + 4*y + 5. What is the tens digit of g(-1)?
1
Let m = -9 - -5. What is the units digit of 7/((-14)/m) - 1?
1
Let t = -1 + 1. Suppose 2*d = 5*x + 83, 3*x + 0*d - 3*d + 57 = t. What is the units digit of (-3)/(0 + 9/x)?
5
What is the tens digit of (0 - 0 - -2) + 65?
6
Let h = -15 - -15. Suppose -2*q + 0*q + 8 = h. What is the units digit of q?
4
Suppose -2*n - 10 = 0, 2*q + 4*n + 20 = -q. Suppose 4 = -5*s - 6, q = -r - 4*s + 3. What is the units digit of r?
1
Suppose -967 = -7*a + 1049. What is the tens digit of a?
8
Let r be (-9 - -12) + (16 - -1). Suppose -4 = -2*q + r. What is the units digit of q?
2
Let z = -9 - -43. What is the units digit of z?
4
Let m = 3 - 5. Let h(a) = 8*a**2 + 2*a - 2. Let f be h(m). What is the tens digit of 3*(f/6 + 1)?
1
Let k(q) = q**2 - 7*q - 4. Let z be k(12). Suppose -4*r = -2*m - 76, -2*r = 2*m - z + 6. What is the tens digit of r?
2
Let q = 1 - 1. Suppose -2 = 4*o - l, o = -q*o - 3*l - 7. What is the units digit of (-350)/(-20) - o/2?
8
Let p = -3 + 5. Suppose p*x - a + 4*a = 20, -x = -a - 10. What is the units digit of x?
0
Suppose -u = 2*u - 114. Suppose -f = 5*a - 150, 0 = a + a - 4*f - u. What is the units digit of a?
9
Let v(u) = -67*u + 1. Let c be v(-2). Suppose -5*g + 4*b = -c, -g - 4*g - 2*b + 165 = 0. Let h = -20 + g. What is the tens digit of h?
1
Let w(g) = -g**3 + g + 1. Let r(u) = 2*u